-6*l**2 - 3*l - 1. Calculate m(-1).
-4
Let t(x) = x**2 + x + 3. Calculate t(0).
3
Let z(i) = -i**3 + 12*i**2 - 35*i + 18. Determine z(8).
-6
Let n(z) = -z**3 + 16*z**2 - 51*z - 49. Give n(11).
-5
Let a(h) = -h**2 + 21*h - 30. What is a(21)?
-30
Let b(h) = 2*h**2 - 6*h + 9. Give b(2).
5
Let x(g) = -5*g - 2. What is x(-2)?
8
Let x(y) = -16*y**3 + 2*y + 1. What is x(-1)?
15
Let k(z) = z**2 - 29*z + 35. What is k(28)?
7
Let l(f) = f**3 - 9*f**2 + 16*f + 14. Determine l(5).
-6
Let h(z) = 2*z**2 + 31*z - 17. What is h(-16)?
-1
Let l(f) = 6*f + 66. What is l(-12)?
-6
Let d(b) = 2*b - 12. Give d(7).
2
Let h(j) = j**3 + 10*j**2 + 11*j - 3. Give h(0).
-3
Let v(s) = -s + 35. Determine v(15).
20
Let a(n) = -n**3 + 15*n**2 + 16*n + 9. Calculate a(16).
9
Let d(q) = -4*q + 24. Calculate d(15).
-36
Let i(y) = -8*y**2 + 4. Give i(-4).
-124
Let p(q) = 2*q + 73. What is p(-35)?
3
Let w(c) = c**3 + 16*c**2 - 9*c + 16. Determine w(-17).
-120
Let o(v) = v**2 + 11*v + 16. What is o(-7)?
-12
Let d(u) = u**3 - 8*u**2 - 6*u - 11. Determine d(9).
16
Let d(z) = -z**3 + 13*z**2 + 16*z - 35. Calculate d(14).
-7
Let l(b) = b**3 - 13*b**2 - 11*b - 32. Calculate l(14).
10
Let g(w) = -w**2 + 8*w + 32. Determine g(11).
-1
Let n(y) = -y**2 - 22*y + 5. Determine n(-12).
125
Let s(n) = 4*n + 44. Give s(-16).
-20
Let q(d) = d**2 + 11*d + 12. What is q(-3)?
-12
Let n(k) = -4*k**2 - 21*k - 10. Determine n(-5).
-5
Let v(s) = 13*s + 1. Give v(-1).
-12
Let y(q) = q**3 + 3. What is y(0)?
3
Let x(u) = u**3 - 2*u**2 - 2*u + 2. What is x(5)?
67
Let i(s) = 4*s**3 - s**2 - 2*s + 3. Calculate i(3).
96
Let z(r) = -r**3 - 8*r**2 - 13*r - 7. Give z(-6).
-1
Let a(s) = -s**3 + 17*s**2 + s - 14. Calculate a(17).
3
Let d(w) = -3*w - 120. Give d(-40).
0
Let c(l) = l**3 - 8*l**2 - 10*l + 7. What is c(9)?
-2
Let l(y) = -6*y + 4. Give l(3).
-14
Let m(w) = w**2 + 21*w + 82. What is m(-5)?
2
Let z(x) = -6*x - 19. Determine z(-8).
29
Let c(d) = 7*d + 8. What is c(-2)?
-6
Let n(h) = 6*h**2 + 12*h - 40. Calculate n(-6).
104
Let u(s) = -s**3 - 14*s**2 + 15*s + 13. Give u(-15).
13
Let a(s) = s**3 + 5*s**2 - 8*s + 4. Calculate a(-6).
16
Let u(n) = -11*n**3 + n**2 + 3*n + 2. Calculate u(-1).
11
Let x(q) = -q**2 - 16*q + 80. Determine x(-23).
-81
Let g(n) = 27*n**2 + 7*n - 5. What is g(1)?
29
Let v(c) = -c**3 - 15*c**2 - 36*c - 10. Give v(-12).
-10
Let c(i) = 5*i + 16. Give c(-8).
-24
Let m(s) = s**3 - 15*s**2 - 14*s - 31. What is m(16)?
1
Let a(i) = -3*i**2 - 35*i - 32. Give a(-1).
0
Let b(i) = -21*i + 1. Calculate b(-1).
22
Let p(w) = w**2 + 19*w + 44. Determine p(-16).
-4
Let o(m) = 90*m - 721. Give o(8).
-1
Let z(n) = n**3 + 16*n**2 - 18*n + 6. Calculate z(-17).
23
Let p(t) = -2*t**3 - 4*t**2 + 7*t + 1. Determine p(-3).
-2
Let a(u) = 2*u**2 - 13*u + 4. Give a(5).
-11
Let z(i) = -i**3 + 9*i**2 - 6*i + 1. Give z(8).
17
Let v(h) = 10*h - 5. Give v(-2).
-25
Let y(x) = x**3 + 3*x**2 - 2*x - 25. Give y(-5).
-65
Let t(z) = -10*z - 80. Give t(-17).
90
Let u(m) = m - 9. Give u(13).
4
Let o(q) = -q - 19. Determine o(-12).
-7
Let b(a) = 22*a + 199. Determine b(-9).
1
Let p(x) = -x**3 + 2*x**2 - 6*x + 7. Give p(2).
-5
Let l(r) = 2*r**2 - 5*r + 1. Determine l(1).
-2
Let b(y) = 3*y**2 - 82*y + 94. What is b(26)?
-10
Let c(j) = j**3 + 9*j**2 - 12*j - 9. Give c(-10).
11
Let n(b) = 23*b + 1. What is n(1)?
24
Let q(r) = -r**2 - 11*r - 18. Calculate q(-7).
10
Let q(f) = -f**3 - 2*f**2 + f. Give q(-3).
6
Let r(u) = u**3 + 8*u**2 + 17*u + 7. Give r(-5).
-3
Let a(t) = 29*t + 8. What is a(-4)?
-108
Let y(d) = 5*d + 43. Give y(-8).
3
Let i(m) = -2*m**3 + 8*m**2 + 11*m + 6. Give i(5).
11
Let x(n) = -n**2 - 11*n - 51. Calculate x(-8).
-27
Let b(z) = 4*z**2 - 34*z + 4. What is b(8)?
-12
Let m(y) = -y**3 + y**2 - 3*y + 2. Give m(2).
-8
Let q(z) = -z**3 - 3*z**2 - z - 4. Determine q(-3).
-1
Let k(w) = -3*w**2 + 23*w + 13. What is k(8)?
5
Let j(c) = -c**3 - 8*c**2 - 7*c + 1. Give j(-6).
-29
Let p(g) = -2*g**2 + 16*g + 6. What is p(8)?
6
Let u(k) = k**3 - 2*k**2 - k + 8. What is u(-3)?
-34
Let w(u) = 7*u - 2. What is w(4)?
26
Let s(f) = -f**2 - 3*f + 306. What is s(16)?
2
Let u(h) = 4*h**2 + h - 2. Give u(2).
16
Let v(p) = 14*p + 1. Determine v(-1).
-13
Let u(q) = 2*q**2 - q - 8. Determine u(3).
7
Let j(h) = -h**3 + 12*h**2 - 28*h + 10. What is j(9)?
1
Let n(x) = -x**3 + 14*x**2 + 14*x - 1. Determine n(15).
-16
Let y(d) = -2*d. What is y(-14)?
28
Let b(s) = -2*s + 36. Calculate b(23).
-10
Let i(k) = 2*k**2 - 4*k + 11. Give i(5).
41
Let b(z) = z**2 + 4*z + 2. Calculate b(-8).
34
Let b(o) = -3*o**2 - 7*o + 38. Calculate b(-5).
-2
Let d(r) = 4*r**2 - 5*r + 6. Determine d(5).
81
Let w(n) = -3*n**3 - 2*n**2 + 1. Determine w(1).
-4
Let g(t) = -t**3 + 8*t**2 + 10*t + 1. Determine g(9).
10
Let x(b) = b + 158. Give x(0).
158
Let o(k) = -8*k - 4. Give o(2).
-20
Let c(n) = -15*n - 66. Determine c(-4).
-6
Let n(p) = p**3 - 10*p**2 + 9*p - 8. Determine n(9).
-8
Let c(z) = 31*z + 31. What is c(-3)?
-62
Let d(y) = -3*y**2 - 11*y - 6. Give d(-5).
-26
Let t(f) = f**3 + 8*f**2 - 6*f + 3. Give t(-9).
-24
Let z(f) = 3*f + 3. Calculate z(-15).
-42
Let z(k) = k**3 + 5*k**2 + 6. Determine z(-5).
6
Let q(r) = 16*r + 61. Determine q(-4).
-3
Let h(u) = u - 19. Determine h(8).
-11
Let v(u) = u - 1. What is v(-16)?
-17
Let n(z) = z**3 + z**2 - 3*z. What is n(-3)?
-9
Let x(f) = f**3 + 7*f**2 - 6*f - 51. What is x(-7)?
-9
Let c(b) = -3*b - 16. Determine c(-7).
5
Let w(r) = 4*r - 2. Give w(1).
2
Let t(q) = -71*q + 414. Give t(6).
-12
Let m(k) = -k - 21. Give m(-8).
-13
Let l(k) = k**3 - 20*k**2 + 22*k - 42. Give l(19).
15
Let x(k) = k**3 + 14*k**2 - 15*k - 1. Calculate x(-15).
-1
Let b(a) = 6*a + 4. What is b(2)?
16
Let l(x) = -17*x + 1. Determine l(-2).
35
Let i(k) = -2*k**2 - 3*k - 9. What is i(5)?
-74
Let r(t) = t + 3. Determine r(8).
11
Let w(q) = 4*q + 12. What is w(-6)?
-12
Let h(k) = k**3 - 2*k**2 - 2*k + 23. Calculate h(0).
23
Let u(v) = 3*v + 7. Determine u(-7).
-14
Let a(t) = 4*t - 3. Give a(-5).
-23
Let z(i) = -2*i**3 + 4*i**2 - 4*i + 3. Determine z(2).
-5
Let g(m) = -10*m - 46. What is g(-3)?
-16
Let a(m) = -9*m + 7. Calculate a(2).
-11
Let b(a) = a**3 - 5*a**2 - 9*a + 2. Give b(6).
-16
Let n(g) = -8*g - 40. Give n(2).
-56
Let t(d) = -d**2 - 23*d - 72. Calculate t(-19).
4
Let k(x) = 6*x + 2. Determine k(3).
20
Let a(u) = u**3 - 14*u**2 - 32*u. What is a(16)?
0
Let f(p) = -28*p - 209. Determine f(-8).
15
Let j(d) = d**3 + 33*d**2 + 34*d + 61. What is j(-32)?
-3
Let r(z) = z**3 + 7*z**2 + 3*z + 8. Give r(-7).
-13
Let z(f) = -f**3 - 2*f**2 - 34*f + 36. Give z(1).
-1
Let r(o) = 7*o - 35. Calculate r(13).
56
Let f(i) = i**3 - 6*i**2 + 7*i - 4. Calculate f(4).
-8
Let y(k) = -4*k**3 - 2*k**2 + 2*k - 1. Calculate y(1).
-5
Let g(z) = -31*z + 92. What is g(4)?
-32
Let d(o) = -o**2 - 12*o + 1. Determine d(-11).
12
Let b(g) = g**2 + 10*g + 21. Determine b(-6).
-3
Let d(y) = 4*y + 12. What is d(-6)?
-12
Let p(z) = 2*z + 49. What is p(-9)?
31
Let w(h) = h**3 - 5*h**2 - 5. Determine w(0).
-5
Let k(m) = -12*m - 15. What is k(9)?
-123
Let r(k) = -2*k**3 - 11*k**2 + 16*k + 54. Give r(-6).
-6
Let i(r) = r**2 - 6*r + 5. Determine i(3).
-4
Let r(b) = -2*b**2 - 7*b - 11. Determine r(-4).
-15
Let x(j) = -28*j + 26. What is x(4)?
-86
Let d(l) = 5*l + 7. What is d(4)?
27
Let q(x) = x - 6. Calculate q(3).
-3
Let q(l) = -3*l**3 - 3*l**2 - 2*l + 2. Give q(-2).
18
Let l(m) = -42*m**2 + m + 1. Give l(-1).
-42
Let u(r) = -r**3 - 5*r**2 - 6*r. Calculate u(-3).
0
Let h(p) = 2*p**2 - 22*p + 1. Determine h(8).
-47
Let t(g) = g**3 - 10*g**2 + 3*g + 3. Calculate t(9).
-51
Let o(h) = 16*h - 323. Determine o(20).
-3
Let d(q) = 9*q + 16. Give d(-2).
-2
Let x(s) = s**2 - 37*s - 45. What is x(37)?
-45
Let k(n) = 16*n + 5. What is k(-1)?
-11
Let u(r) = -7*r + 5. Give u(-4).
33
Let m(t) = -t**3 + 22*t**2 + 26*t + 20. Calculate m(23).
89
Let y(f) = -20*f - 3. What is y(2)?
-43
Let w(l) = l**3 + 5*l**2 - 9*l - 6. Give w(-6).
12
Let o(l) = -14*l + 40. Determine o(-9).
166
Let d(f) = -2*f**3 + 11*f**2 - 18*f + 13. What is d(3)?
4
Let q(n) = -n**3 - n - 2. Give q(-1).
0
Let i(u) = u**2 - 19*u - 4. Calculate i(19).
-4
Let i(k) = k**2 + 5*k - 2. Calculate i(2).
12
Let s(n) = -n**3 + 12*n**2 - 2*n + 23. Determine s(12).
-1
Let k(n) = n**2 - n - 49. What is k(7)?
-7
Let d(s) = -s**2 + 84. Calculate d(-9).
